 -93 - 95 = -4*x. Calculate the remainder when x is divided by (-2*2/(-4))/(t/527).
13
Suppose -724 = -17*q + 143. What is the remainder when 186 is divided by q?
33
Let a be 40/(-12)*(-1 + 1 + -3). Suppose -d - 5*j + 22 = 0, -4*j = -d - j - a. What is the remainder when 55 is divided by d/(-3) - 88/(-6)?
13
Suppose -2*o - 4*q = -7*o + 77, -3*o - 2*q + 55 = 0. What is the remainder when 3925 is divided by o?
15
Suppose -3*x + 2 = 2*t - x, -x = -1. Suppose t = -5*u - 21 + 86. Suppose 4*a - 33 = 3*y, 2*y - u - 5 = -4*a. Calculate the remainder when 10 is divided by a.
4
What is the remainder when (12956/(-123))/(28/(-12) + 1) is divided by 70?
9
Let m = 2820 + -2766. Calculate the remainder when 232 is divided by m.
16
Suppose -4*w + 3680 = 4*d, 5*d - 844 = w + 3786. Calculate the remainder when d is divided by 85.
75
Let x be (34/(-4))/(7/(-70)). Let y = -67 + x. What is the remainder when 124 is divided by y?
16
Let g(f) = f**3 - 3*f**2 - 7*f + 17. Suppose 3*m + p = 18, -4*m - p = -5*p - 24. What is the remainder when g(7) is divided by 2/(-3)*(-297)/m?
32
Let p = 126 - 87. Let y = -305 + 285. Let l = p + y. What is the remainder when 32 is divided by l?
13
Let q(r) = -3*r**2 + 2*r**2 + 46*r - 41*r + 8. Let x be q(7). What is the remainder when 8 is divided by (x/15)/((-3)/45)?
2
Suppose 320*p = 2624 + 1536. Calculate the remainder when 277 is divided by p.
4
Let n(s) = -4*s**3 + 103*s**2 + 27*s - 14. Calculate the remainder when (1 + -2)/(-1)*454 is divided by n(26).
10
Let d = 13541 - 13435. Suppose y - 12 = -3*z + 45, -3*y + 3*z + 171 = 0. What is the remainder when d is divided by y?
49
Suppose -6*k - 887 = -3*k - n, -5*n = 20. Let v = -248 - k. What is the remainder when v is divided by 7?
0
Let o(b) = -8*b**2 - 4*b + 2. Let d(w) = -6*w**2 - 3*w + 3. Let t(v) = 5*d(v) - 4*o(v). Calculate the remainder when 45 is divided by t(-4).
10
Let a(r) = -7*r**3 - 2*r**2 + 2*r - 6. Let y(j) = 14*j**3 + 5*j**2 - 4*j + 13. Let s(d) = -7*a(d) - 3*y(d). What is the remainder when 33 is divided by s(1)?
5
Let g = -10780 - -10871. Suppose 3*v + 8 = 50. Let q = 37 - v. What is the remainder when g is divided by q?
22
Let l be -63 - (-3 + 2 - -6). Let c = l - -73. Suppose 0 = -3*s - r - 3 + 32, 0 = -c*s + r + 59. What is the remainder when 23 is divided by s?
1
Let y(p) = -p**3 - 4*p**2 + p + 5. Suppose -22 - 2 = -8*w. Calculate the remainder when y(-5) is divided by w.
1
Let q(a) = a + 13. Let b be q(-11). Suppose 0 = -2*w - 3*c + 35, b*w + 0*c = -4*c + 34. Calculate the remainder when w is divided by (-33)/(-6) - 3/6.
4
Let j(u) = -10*u + 308. What is the remainder when 379 is divided by j(26)?
43
Let o be ((-8)/(160/(-15)))/(9/48). Suppose -14 = -2*x - 9*d + 4*d, -o*x + 3*d + 2 = 0. Let t(z) = 60*z + 6. Calculate the remainder when t(x) is divided by 32.
30
Suppose -26*c + 699237 = 6*c + 31*c. What is the remainder when c is divided by 6?
5
Let v(n) = n + 44. Suppose -3*m = -2*b, 0*m + 2*m = 4*b. Let h be v(m). Let o = -41 + h. Calculate the remainder when 15 is divided by o.
0
Let q(j) = 238*j**2 + 87*j - 656. Calculate the remainder when q(7) is divided by 96.
95
Let i(k) = k**2 - k + 122. Calculate the remainder when i(0) is divided by 6/10*(-9 - (27 + -71)).
17
What is the remainder when 2729 is divided by (-86)/731 - (-2985)/85?
34
Let c(x) = 3 + 4*x - 3 - 9 - 1. Let y be c(11). Suppose 6*z - 148 = -y. Calculate the remainder when 92 is divided by z.
16
Let i = -9 + -101. What is the remainder when 118 is divided by 2 + -1 + i/(-11)?
8
Let p(m) = -m. Let z(r) = -7*r - 11. Let d(q) = -4*p(q) + z(q). Let c be d(-5). What is the remainder when 8/c*1 + 101 is divided by 26?
25
Let o = -4448 + 4865. What is the remainder when o is divided by 51?
9
Suppose 3*g = 3*i - 0 - 9, 3*g - 5*i + 15 = 0. Suppose g = -25*u + 30*u - 85. What is the remainder when 43 is divided by u?
9
Let h = 311 - 312. Let w(p) = -18*p**3 - 5*p**2 - 3*p + 1. What is the remainder when 92 is divided by w(h)?
7
Let n(i) = -52*i - 3. Suppose -3*r - 2*s = 6 - 88, r + s = 28. Calculate the remainder when n(-9) is divided by r.
23
Let g(a) be the second derivative of 23*a**3/2 - 92*a**2 - 7*a. Calculate the remainder when g(7) is divided by 43.
41
Let b = 13 + -10. Suppose -b*h - 3 = s - 7, 0 = -3*s - 15. Suppose 7*z = 3*z + 8. What is the remainder when h is divided by z?
1
Let h be (-2)/4 - 153/(-34). Calculate the remainder when 218/h + 2/(-4) is divided by 17.
3
Suppose -l - 1680 = -5*l - 4*g, -4*g = -2*l + 876. What is the remainder when l is divided by 162?
102
Suppose 8 = -20*f + 21*f. Suppose w - 2*l - 15 = 0, -2*w + 4*l + 30 = f*l. Calculate the remainder when 238 is divided by w.
13
Suppose -3*t - 23 = -4*q + 2*t, -3*q + 16 = -5*t. Suppose -4*b + 125 = a, -q*a - b + 440 = -3*a. What is the remainder when a is divided by 22?
21
Suppose t - 3*b - 2 - 83 = 0, -b = -t + 79. Let x = 89 - t. Suppose 3*p - 40 - 99 = 4*o, 0 = -5*p - 5*o + 255. What is the remainder when p is divided by x?
10
Suppose 0 = -36*h + 3281 + 3703. What is the remainder when 197 is divided by h?
3
Suppose -d - 24 = -5*m, -2*m + 6*m + 3*d - 4 = 0. Suppose -28*r - m*r + 1792 = 0. Calculate the remainder when 105 is divided by r.
49
Let k = 184 - 84. Suppose 0 = -3*u - 4*b + k, 3*u = 5*b + 23 + 41. Calculate the remainder when 111 is divided by u.
27
Calculate the remainder when (-56 - (0 + 2))*147/(-42) is divided by 186.
17
Suppose 25*w = 109 - 34. Suppose 2*n = w*n - 2*t - 90, 3*t - 382 = -4*n. Calculate the remainder when 374 is divided by n.
92
Suppose 4*p - 22 = 2. Let b(m) = -m**2 + 10*m - 13. Let a be b(p). Suppose 2*f = -r - 8 + 23, r = 2*f + a. What is the remainder when 36 is divided by r?
10
Let p = -10423 + 10505. What is the remainder when 1472 is divided by p?
78
Let w = -183 + 666. Suppose 63*c = 56*c + w. Calculate the remainder when c is divided by 13.
4
Let d(c) = -6*c + 4. Suppose 4301 + 9059 = 167*o. What is the remainder when o is divided by d(-3)?
14
Let w = -167 + 187. Suppose -w = -k + 11. Calculate the remainder when 149 is divided by k.
25
Suppose 3*s = 8*s. Suppose -7*x + 2*x - 385 = s. Let w = 169 + x. Calculate the remainder when w is divided by 19.
16
Let k = -353 - -364. Suppose 0 = -3*y + 4*q + 46, k*y = 6*y + 4*q + 74. What is the remainder when y is divided by ((-3)/2)/(6/(-32))?
6
Suppose -5*a - 3 - 22 = 0. Let v = a + 9. Suppose -2*x + v*x - 36 = 0. What is the remainder when 34 is divided by x?
16
Let n = 1235 + -576. Let d = n - 551. Calculate the remainder when d is divided by 6.
0
Let u be 2/(-13) + (2 - (-2480)/65). Suppose -u = -m - 21. Calculate the remainder when 169 is divided by m.
17
Suppose 35*k + 59 = 84 + 360. What is the remainder when k is divided by 6/8 - 126/(-24)?
5
Suppose -170576 - 552909 = -245*x. What is the remainder when x is divided by 54?
37
Let p(h) = -81*h + 6608. What is the remainder when p(-12) is divided by 21?
20
Suppose 0 = -j + 5, 717*j - 716*j = 5*u - 385. Calculate the remainder when u is divided by (-102)/(-5) + 6/(-15).
18
Let k(y) = y**3 + 4*y**2 + y + 4. Let o = 21 - 25. Let p be k(o). Suppose p = -2*t - 8*t + 50. What is the remainder when 33 is divided by t?
3
Let s(d) = 2*d**2 + 14*d + 14. Let m be (63/(-5))/((-24)/80). Suppose o = -5*o - m. What is the remainder when 41 is divided by s(o)?
13
Let y be ((-1)/(-3))/(15/1035). Let h = y - 25. Calculate the remainder when h/6 + (-417)/(-9) - -1 is divided by 12.
11
Suppose -4*z + 3*z = -3*b + 156, 2*b - 94 = 4*z. Suppose -5*i = b + 57. Let g = i + 40. Calculate the remainder when 177 is divided by g.
15
Calculate the remainder when 1901 is divided by ((-3)/((-594)/(-88)))/(6/(-135)).
1
Let s = 24 - -12. Let y(w) = -116*w + 487. What is the remainder when s is divided by y(4)?
13
Suppose -71*p + 818715 - 91533 = 0. What is the remainder when p is divided by 52?
50
Suppose -u = 8*u - 1359. Let b = 169 - u. What is the remainder when 431 is divided by b?
17
Let k(p) = p + 4. Let i be k(-3). Let h be (i/(-3))/(8/(-384)). Calculate the remainder when 27 is divided by (15 - h)*15*2/(-2).
12
Suppose -4*q + 445*i - 440*i + 64 = 0, -2*i + 16 = q. Calculate the remainder when 90 is divided by q.
10
Let x be 40 + (-4 + 1)/1. Let s = x + -35. What is the remainder when 50 is divided by (s/(-6)